{"id":159,"date":"2023-02-16T16:42:31","date_gmt":"2023-02-16T08:42:31","guid":{"rendered":"https:\/\/holpapptry.com\/?page_id=159"},"modified":"2023-02-17T17:07:47","modified_gmt":"2023-02-17T09:07:47","slug":"support-center","status":"publish","type":"page","link":"https:\/\/holpapptry.com\/index.php\/support-center\/","title":{"rendered":"Support Center"},"content":{"rendered":"\n<p><strong><mark style=\"background-color:rgba(0, 0, 0, 0)\" class=\"has-inline-color has-raft-accent-color\">Part 1: USER GUIDE<\/mark><\/strong><\/p>\n\n\n\n<p><strong>What is holpapptry?<\/strong><br>Holpapptry is an Amazon seller assistant application, help Amazon sellers streamline their product sourcing and listing, provide various reports to help sellers analyze Amazon market.<\/p>\n\n\n\n<p><strong>How does it work?<\/strong><br>Holpapptry communicates with your Amazon seller account through Amazon&#8217;s SP-API . In addition, Amazon requires you to have a Professional Seller account to access their API. When you sign up and your trial begins we will synchronize ALL of your inventory and 60 days of past sales data to Holpapptry. This sync can take up to 24 hours. The first thing you should do once your inventory has completed the sync process is to add in your costs, supplier, and purchase date information. This is important because all of your financial reports.We automatically sync most of your Amazon data into Holpapptry.<\/p>\n\n\n\n<figure class=\"wp-block-image size-large\"><img loading=\"lazy\" decoding=\"async\" width=\"1024\" height=\"599\" src=\"https:\/\/holpapptry.com\/wp-content\/uploads\/2023\/02\/164401380_m-1024x599.jpg\" alt=\"\" class=\"wp-image-161\" srcset=\"https:\/\/holpapptry.com\/wp-content\/uploads\/2023\/02\/164401380_m-1024x599.jpg 1024w, https:\/\/holpapptry.com\/wp-content\/uploads\/2023\/02\/164401380_m-300x175.jpg 300w, https:\/\/holpapptry.com\/wp-content\/uploads\/2023\/02\/164401380_m-768x449.jpg 768w, https:\/\/holpapptry.com\/wp-content\/uploads\/2023\/02\/164401380_m-1536x898.jpg 1536w, https:\/\/holpapptry.com\/wp-content\/uploads\/2023\/02\/164401380_m-2048x1198.jpg 2048w\" sizes=\"auto, (max-width: 1024px) 100vw, 1024px\" \/><\/figure>\n\n\n\n<p><strong><mark style=\"background-color:rgba(0, 0, 0, 0)\" class=\"has-inline-color has-raft-accent-color\">Part 2: TROUBLESHOOTING<\/mark><\/strong><\/p>\n\n\n\n<p><strong>Do you share my information with Amazon?<\/strong><br>When you list with us and take the steps to sync your product feeds with Amazon, we only send the information needed for the listing. We do not send your information such as buy cost, supplier, or purchased date.<\/p>\n\n\n\n<p><\/p>\n\n\n\n<p><strong>How do I start a Chat?<\/strong><\/p>\n\n\n\n<p>If you need help, navigate to our Support Portal and click the Messenger icon at the bottom of the page.<\/p>\n\n\n\n<figure class=\"wp-block-image size-large\"><img loading=\"lazy\" decoding=\"async\" width=\"1024\" height=\"637\" src=\"https:\/\/holpapptry.com\/wp-content\/uploads\/2023\/02\/3-1024x637.png\" alt=\"\" class=\"wp-image-173\" srcset=\"https:\/\/holpapptry.com\/wp-content\/uploads\/2023\/02\/3-1024x637.png 1024w, https:\/\/holpapptry.com\/wp-content\/uploads\/2023\/02\/3-300x187.png 300w, https:\/\/holpapptry.com\/wp-content\/uploads\/2023\/02\/3-768x477.png 768w, https:\/\/holpapptry.com\/wp-content\/uploads\/2023\/02\/3.png 1245w\" sizes=\"auto, (max-width: 1024px) 100vw, 1024px\" \/><\/figure>\n\n\n\n<p>Then, fill in the information required on the page and leave a message, our customer service will contact you within 24 hours.<\/p>\n\n\n\n<figure class=\"wp-block-image size-large\"><img loading=\"lazy\" decoding=\"async\" width=\"1024\" height=\"738\" src=\"https:\/\/holpapptry.com\/wp-content\/uploads\/2023\/02\/\u4f01\u4e1a\u5fae\u4fe1\u622a\u56fe_20230217170703-1024x738.png\" alt=\"\" class=\"wp-image-201\" srcset=\"https:\/\/holpapptry.com\/wp-content\/uploads\/2023\/02\/\u4f01\u4e1a\u5fae\u4fe1\u622a\u56fe_20230217170703-1024x738.png 1024w, https:\/\/holpapptry.com\/wp-content\/uploads\/2023\/02\/\u4f01\u4e1a\u5fae\u4fe1\u622a\u56fe_20230217170703-300x216.png 300w, https:\/\/holpapptry.com\/wp-content\/uploads\/2023\/02\/\u4f01\u4e1a\u5fae\u4fe1\u622a\u56fe_20230217170703-768x553.png 768w, https:\/\/holpapptry.com\/wp-content\/uploads\/2023\/02\/\u4f01\u4e1a\u5fae\u4fe1\u622a\u56fe_20230217170703.png 1087w\" sizes=\"auto, (max-width: 1024px) 100vw, 1024px\" \/><\/figure>\n\n\n\n<p><\/p>\n\n\n\n<p><strong>Can I delete one of my shipments?<\/strong><\/p>\n\n\n\n<p>Due to Amazon policy, you are not allowed to delete any shipments in a shipping plan unless you delete them all.<\/p>\n\n\n\n<p><\/p>\n\n\n\n<p><strong>What if I have duplicate shipments for the items in my batch?<\/strong><\/p>\n\n\n\n<p>If you get to the Proposed Shipping FBA Shipment page in a Private Batch notice you have duplicate shipments for the items, before you create any, you&#8217;ll need to close and restore the batch to correct the issue.<\/p>\n\n\n\n<p><\/p>\n\n\n\n<p><strong>Are all products in an order shipped together?<\/strong><\/p>\n\n\n\n<p>Some of our products come individually packaged to protect their shape and provide extra durability. Here are the products we may ship separately:<\/p>\n\n\n\n<p>snapback hats, trucker hats, dad hats\/baseball caps, and visors<br>backpacks<br>mugs<br>postcards and stickers<br>pillows with stuffing<br>posters<br>framed posters<br>canvas<br>bean bag cases<br>water bottles<br>notebooks<br>blankets<\/p>\n\n\n\n<p><\/p>\n\n\n\n<p><strong>How can I track my order?<\/strong><\/p>\n\n\n\n<p>Once your order is ready to go, we hand it over to the carrier and send you a shipping confirmation email with a tracking number. You can click on that number to see the latest updates on your shipment\u2019s location via our tracking page.<\/p>\n\n\n\n<p>Or you can go to the Orders section of your Dashboard, open a fulfilled order, and click See tracking to follow orders using our tracking page.<\/p>\n\n\n\n<p>When an order is out for delivery, updates on its status will depend on the carrier service. If you encounter any issues, you can contact us, and we\u2019ll do our best to help you.<\/p>\n\n\n\n<p><\/p>\n\n\n\n<p><strong>How are your products packaged for shipment?<\/strong><\/p>\n\n\n\n<p>Apparel<\/p>\n\n\n\n<p>Apparel products are generally packaged in post-consumer recycled (PCR) polymer mailers. If there\u2019s more than one product, after putting each item in its own separate transparent polymer bag, we then place them all together in a PCR polymer mailer.<\/p>\n\n\n\n<p>Hats<\/p>\n\n\n\n<p>Structured and unstructured hats are packaged in corrugated cardboard boxes. Beanies are packed in post-consumer recycled (PCR) polymer mailers just like other apparel items.<\/p>\n\n\n\n<p>Accessories<\/p>\n\n\n\n<p>In our in-house facilities, we use kraft mailers to pack phone cases. Sublimated products like socks are packaged in polymer mailers.<\/p>\n\n\n\n<p>Home &amp; living<\/p>\n\n\n\n<p>Most sublimated items go in post-consumer recycled (PCR) polymer mailers. Mugs, water bottles, tumblers, and candles are packaged in cardboard boxes. To pack stickers, we use kraft envelopes or resealable plastic bags with stay-flat inserts, depending on the location. Similarly, we use kraft envelopes to package greeting cards and postcards.<\/p>\n\n\n\n<p>Wall art<\/p>\n\n\n\n<p>Canvases and framed posters also come in cardboard boxes ranging in dimensions from 12 \u00d7 18 \u00d7 2 to 28 \u00d7 38 \u00d7 6 in. Framed posters are first wrapped in tissue paper to protect them from scratches and then wrapped in a layer of adhesive bubble wrap or a foam pouch. Posters are shipped in triangular kraft boxes to ensure safe delivery and avoid using plastic caps. In several locations, we use stay-flat envelopes for posters in size 8 \u00d7 10 in.<\/p>\n\n\n\n<figure class=\"wp-block-image size-large\"><img loading=\"lazy\" decoding=\"async\" width=\"1024\" height=\"768\" src=\"https:\/\/holpapptry.com\/wp-content\/uploads\/2023\/02\/1333x1000-1024x768.gif\" alt=\"\" class=\"wp-image-163\" srcset=\"https:\/\/holpapptry.com\/wp-content\/uploads\/2023\/02\/1333x1000-1024x768.gif 1024w, https:\/\/holpapptry.com\/wp-content\/uploads\/2023\/02\/1333x1000-300x225.gif 300w, https:\/\/holpapptry.com\/wp-content\/uploads\/2023\/02\/1333x1000-768x576.gif 768w\" sizes=\"auto, (max-width: 1024px) 100vw, 1024px\" \/><\/figure>\n","protected":false},"excerpt":{"rendered":"<p>Part 1: USER GUIDE What is holpapptry?Holpapptry is an  [&hellip;]<\/p>\n","protected":false},"author":1,"featured_media":0,"parent":0,"menu_order":0,"comment_status":"closed","ping_status":"closed","template":"","meta":{"_ti_tpc_template_sync":false,"_ti_tpc_template_id":"","footnotes":""},"class_list":["post-159","page","type-page","status-publish","hentry"],"_links":{"self":[{"href":"https:\/\/holpapptry.com\/index.php\/wp-json\/wp\/v2\/pages\/159","targetHints":{"allow":["GET"]}}],"collection":[{"href":"https:\/\/holpapptry.com\/index.php\/wp-json\/wp\/v2\/pages"}],"about":[{"href":"https:\/\/holpapptry.com\/index.php\/wp-json\/wp\/v2\/types\/page"}],"author":[{"embeddable":true,"href":"https:\/\/holpapptry.com\/index.php\/wp-json\/wp\/v2\/users\/1"}],"replies":[{"embeddable":true,"href":"https:\/\/holpapptry.com\/index.php\/wp-json\/wp\/v2\/comments?post=159"}],"version-history":[{"count":8,"href":"https:\/\/holpapptry.com\/index.php\/wp-json\/wp\/v2\/pages\/159\/revisions"}],"predecessor-version":[{"id":202,"href":"https:\/\/holpapptry.com\/index.php\/wp-json\/wp\/v2\/pages\/159\/revisions\/202"}],"wp:attachment":[{"href":"https:\/\/holpapptry.com\/index.php\/wp-json\/wp\/v2\/media?parent=159"}],"curies":[{"name":"wp","href":"https:\/\/api.w.org\/{rel}","templated":true}]}}